
103
Calculate the highest common factor of 13 and 6227.
13
What is the highest common factor of 48 and 1104?
48
Calculate the greatest common factor of 30 and 105.
15
Calculate the greatest common divisor of 23 and 16997.
23
What is the highest common divisor of 1139 and 34?
17
Calculate the highest common divisor of 47 and 94.
47
Calculate the highest common divisor of 612 and 17.
17
Calculate the greatest common factor of 9 and 12.
3
What is the highest common factor of 88 and 56?
8
What is the greatest common factor of 1253 and 7160?
179
Calculate the highest common factor of 999 and 27.
27
Calculate the greatest common factor of 18 and 12.
6
Calculate the highest common factor of 806 and 3968.
62
What is the greatest common divisor of 34976 and 4?
4
What is the greatest common factor of 24 and 21?
3
What is the greatest common divisor of 55 and 85?
5
What is the highest common factor of 8 and 96?
8
Calculate the highest common factor of 12780 and 72.
36
What is the highest common factor of 369 and 1435?
41
Calculate the highest common divisor of 1089 and 1331.
121
Calculate the greatest common factor of 12 and 25.
1
Calculate the greatest common factor of 1045 and 38.
19
What is the highest common factor of 6467 and 58?
29
Calculate the highest common divisor of 34 and 106.
2
What is the greatest common divisor of 15 and 55?
5
What is the greatest common divisor of 26 and 4?
2
What is the greatest common factor of 8791 and 295?
59
What is the greatest common divisor of 39 and 26?
13
Calculate the greatest common divisor of 968 and 44.
44
Calculate the greatest common factor of 3 and 69.
3
Calculate the highest common divisor of 1494 and 126.
18
Calculate the greatest common divisor of 113 and 15707.
113
Calculate the greatest common factor of 20 and 100.
20
What is the greatest common factor of 176 and 5104?
176
Calculate the greatest common divisor of 388 and 232.
4
Calculate the highest common divisor of 240 and 15.
15
What is the highest common divisor of 27 and 23?
1
Calculate the greatest common factor of 32 and 3568.
16
What is the greatest common divisor of 9 and 4365?
9
What is the greatest common factor of 1269 and 621?
27
Calculate the highest common factor of 183 and 8967.
183
Calculate the highest common factor of 160 and 296.
8
What is the greatest common divisor of 92 and 202?
2
Calculate the highest common factor of 224 and 28.
28
What is the highest common factor of 138 and 12?
6
What is the greatest common factor of 4445 and 70?
35
What is the greatest common divisor of 117 and 7011?
9
Calculate the highest common divisor of 12671 and 1.
1
Calculate the highest common divisor of 80 and 352.
16
What is the highest common divisor of 396 and 297?
99
Calculate the highest common factor of 109 and 3924.
109
What is the greatest common divisor of 8707 and 1?
1
What is the highest common divisor of 1520 and 1330?
190
What is the highest common divisor of 230 and 10?
10
Calculate the greatest common factor of 26975 and 25.
25
What is the highest common divisor of 486 and 12?
6
What is the highest common factor of 216 and 22086?
54
What is the highest common factor of 10877 and 73?
73
What is the greatest common factor of 177 and 944?
59
Calculate the greatest common divisor of 70 and 525.
35
What is the highest common factor of 127 and 8128?
127
What is the greatest common divisor of 1413 and 99?
9
Calculate the highest common factor of 16517 and 83.
83
Calculate the greatest common factor of 734 and 38.
2
Calculate the greatest common factor of 12 and 1659.
3
What is the highest common divisor of 3 and 177?
3
What is the highest common divisor of 22 and 1111?
11
What is the highest common divisor of 82 and 902?
82
What is the greatest common factor of 11 and 1?
1
What is the greatest common divisor of 2498 and 4?
2
Calculate the greatest common factor of 2736 and 190.
38
What is the highest common factor of 295 and 5?
5
What is the greatest common divisor of 120 and 3264?
24
Calculate the highest common divisor of 90 and 3190.
10
Calculate the highest common divisor of 20 and 820.
20
What is the greatest common divisor of 52 and 4?
4
Calculate the greatest common divisor of 21 and 636.
3
What is the greatest common factor of 4769 and 171?
19
What is the highest common divisor of 921 and 5219?
307
Calculate the greatest common factor of 8385 and 225.
15
Calculate the greatest common divisor of 5 and 50.
5
What is the highest common factor of 18 and 171?
9
What is the highest common divisor of 132 and 4686?
66
What is the highest common factor of 621 and 460?
23
Calculate the greatest common divisor of 972 and 12.
12
What is the highest common divisor of 126 and 210?
42
Calculate the greatest common divisor of 25 and 35.
5
Calculate the greatest common divisor of 182 and 5538.
26
What is the highest common factor of 23 and 161?
23
Calculate the greatest common divisor of 72 and 2304.
72
Calculate the greatest common divisor of 14 and 525.
7
What is the highest common divisor of 13048 and 56?
56
Calculate the highest common divisor of 14 and 133.
7
What is the greatest common divisor of 141 and 94?
47
Calculate the highest common divisor of 1 and 50.
1
Calculate the greatest common divisor of 22446 and 348.
174
Calculate the highest common factor of 4619 and 62.
31
Calculate the highest common divisor of 34524 and 18.
18
What is the greatest common factor of 92 and 96?
4
What is the greatest common divisor of 580 and 116?
116
What is the highest common divisor of 2105 and 5?
5
Calculate the greatest common divisor of 1919 and 57.
19
What is the highest common factor of 18 and 162?
18
Calculate the highest common factor of 36 and 2142.
18
What is the greatest common factor of 986 and 290?
58
What is the highest common factor of 785 and 4396?
157
Calculate the greatest common factor of 1204 and 112.
28
Calculate the highest common divisor of 63 and 35.
7
Calculate the greatest common factor of 52 and 14092.
52
Calculate the greatest common divisor of 260 and 455.
65
What is the greatest common factor of 1368 and 1800?
72
Calculate the highest common divisor of 2116 and 2668.
92
What is the highest common factor of 942 and 18?
6
Calculate the greatest common factor of 378 and 216.
54
What is the highest common divisor of 1275 and 34?
17
What is the greatest common divisor of 21835 and 22?
11
Calculate the highest common factor of 9 and 3123.
9
Calculate the greatest common divisor of 238 and 6902.
238
What is the greatest common divisor of 58 and 10440?
58
What is the greatest common factor of 4459 and 169?
13
Calculate the highest common divisor of 200 and 136.
8
What is the greatest common factor of 143 and 3289?
143
What is the greatest common factor of 434 and 182?
14
Calculate the highest common divisor of 18 and 99.
9
What is the greatest common divisor of 52 and 2132?
52
Calculate the greatest common divisor of 639 and 8875.
71
Calculate the greatest common factor of 322 and 686.
14
What is the greatest common factor of 372 and 12?
12
What is the highest common divisor of 420 and 588?
84
Calculate the greatest common factor of 30 and 190.
10
Calculate the greatest common divisor of 117 and 546.
39
Calculate the greatest common factor of 264 and 20658.
66
Calculate the highest common divisor of 4352 and 2.
2
Calculate the highest common divisor of 133 and 6023.
19
What is the highest common factor of 1506 and 42?
6
Calculate the greatest common factor of 1 and 7789.
1
What is the highest common divisor of 432 and 16?
16
What is the highest common factor of 63 and 35?
7
Calculate the greatest common divisor of 21 and 1533.
21
Calculate the greatest common factor of 34 and 153.
17
Calculate the highest common factor of 848 and 288.
16
What is the highest common factor of 180 and 300?
60
What is the highest common factor of 391 and 3473?
23
Calculate the highest common factor of 22 and 374.
22
What is the greatest common divisor of 45 and 24195?
15
What is the highest common divisor of 3 and 1299?
3
Calculate the highest common factor of 2736 and 9.
9
Calculate the greatest common factor of 60 and 640.
20
Calculate the greatest common factor of 88 and 13288.
88
What is the highest common factor of 12 and 2256?
12
Calculate the